6 - f. Suppose -k - 4*n = -199, x = -3*k + 5*n + 581. Is k a composite number?
True
Let j(f) = 18*f**2 + 49*f + 40. Let n be j(-28). Suppose 2*l - l = -2*d + 12779, 2*d + 2*l - n = 0. Is d a composite number?
False
Is (-67274*(-14)/(-112))/(-5 + (-76)/(-16)) prime?
True
Let h(o) = o + 18. Let c be h(4). Is (-7)/((-231)/23535) - 4/c a composite number?
True
Let g(c) = -c**3 - 8*c**2 + 8*c - 6. Let j be g(-9). Suppose -j*t + 5*x - 71 = 0, -t + 4*t - 3*x + 75 = 0. Let p = t + 96. Is p a prime number?
False
Let n(h) = -20*h + 29*h**2 + 3*h**2 + 28*h + 7*h. Is n(11) a composite number?
True
Suppose 3*t - 5 = -5*j, 0 = 7*t - 2*t. Is 2246/6*(j + 2) a composite number?
False
Let b(t) = 4638*t**2 + 80*t + 145. Is b(6) prime?
True
Suppose 1809 = 3*r - 4*m, 5*r + 5*m = 3967 - 952. Let i = r - 345. Let y = 16 + i. Is y prime?
False
Let m(l) = -l**3 + 9*l**2 - 6*l - 12. Let v be m(8). Suppose 0 = v*p + 12, 3*t - 4*p = 20 - 2. Is (-5115)/(-30)*(0 + t) a prime number?
False
Is 21/(420/(-160)) - -18085 a composite number?
False
Let u = -1270 - -3723. Is u prime?
False
Suppose 0 = -3*i - 3*m + 132, 188 = 5*i - 0*i - 3*m. Let c = i + -38. Suppose 8*o - 1986 = c*o. Is o prime?
True
Let h(y) = y**3 - 24*y**2 - 34*y - 17. Is h(42) composite?
False
Suppose 4*q - 20 = 4*c, 2*q + 18 + 8 = -4*c. Is (2414 + 3)/(2 + -7 - c) a prime number?
True
Suppose -4559254 = -69*a - 43*a + 14*a. Is a a composite number?
False
Let d be -1*(-2)/2 + -3. Let m(z) = -38*z**3 + 3*z + 1. Let n be m(d). Let o = n - 76. Is o prime?
True
Let p be 2 + 317337/15 - (-1)/5. Let w = p - 12229. Suppose 4*d + 749 = w. Is d composite?
True
Let u be 6*-1*(825/10)/11. Is 3/u*-10*6978/4 prime?
True
Suppose 1118 + 151 = -3*n - 3*i, 0 = -5*n - 4*i - 2120. Let l be (-9 + -293)*(-3)/1. Let u = l + n. Is u prime?
False
Let n be (12/(-21))/((-3)/21). Suppose -4*u - 13 = f - n*f, -5*u = -f + 8. Is (-4)/(-2) + u - -120 a composite number?
True
Is 110*254 + ((-4)/3)/(4/(-3)) prime?
True
Let n(k) = -194*k**3 - 25*k**2 + 20*k + 126. Is n(-13) composite?
True
Let a be (-11)/(-4) - 18*9/216. Suppose 1348 = 2*y - a*t, -2*y + 506 + 863 = 5*t. Is y composite?
False
Let n(x) = 3*x**3 - 3*x**2 + 3*x + 20. Let g(j) = j**3 + j**2. Let s(d) = -4*g(d) + n(d). Let p be s(-8). Let z = 469 - p. Is z a composite number?
False
Let x = 608135 - 384832. Is x a composite number?
False
Suppose 0*h - 180 = -6*h. Suppose 2*v + t - h = 0, -3*t - 75 = -5*v - 2*t. Suppose -2*q = 2*q - 3*m - 1667, 5*m = v. Is q a prime number?
True
Let v = -9377 + 633. Let o = v + 12565. Is o a prime number?
True
Let j = 165 + -71. Let z = j - -699. Is z prime?
False
Let h(f) be the second derivative of f**5/4 + f**4/4 + 7*f**3/6 - f**2/2 + f + 1. Is h(5) a prime number?
False
Let t = 411711 + -15232. Is t composite?
False
Let q = 9 + 0. Suppose 2*n = 3*o + q, 0 = n - 3*o - 4 + 1. Is (-495)/(-6) - ((-21)/n - -3) composite?
False
Let p(j) = 5*j + 25. Let a be p(-5). Suppose -4*g = -4, a = 4*u + 5*g - 13834 - 14639. Is u prime?
False
Suppose -2*j - 16 = v - 3*v, 2*v - 3*j = 20. Suppose -4*l + 2856 = -2*c + 6*c, -l - v*c = -729. Is l composite?
False
Suppose 11*w = 9*w + 2032. Suppose -1083 = j + w. Let d = -300 - j. Is d a prime number?
False
Let x(m) be the first derivative of -m**3/3 + 25*m**2 + 59*m - 37. Is x(32) prime?
False
Let r = 8251 - -4562. Is r a prime number?
False
Let x = 19715 - 1128. Is x a composite number?
False
Let u(p) = -10*p**3 - p - 1. Let z be u(-1). Suppose -25*s = -z*s - 95085. Is s prime?
False
Let k(o) = -17927*o - 290. Is k(-9) composite?
False
Let h(k) = k**3 - 66*k**2 - 153*k - 151. Is h(72) a composite number?
False
Let y be ((-106)/6)/((-1)/(-36)). Suppose -3*l + 39 = -5*h, -4*l - 15 = 5*h + 3. Is (4/h)/(8/y) a composite number?
False
Let m be 20/11 + -1 + 26/22. Suppose -3*t = -7*t + 20, p + 4*t = 32. Is p/66 + 9927/66*m a prime number?
False
Let f(u) = -14358*u + 60. Let v be f(-2). Suppose -w + 5*b + 9612 = 0, -10*w + 3*b + v = -7*w. Is w a composite number?
False
Let j(r) = -r + 18. Let n be j(13). Let g(d) = 118*d + 77. Is g(n) a composite number?
True
Suppose 0 = 11*f - 18*f - 42. Is 9/3 + (20382 - f)/6 a prime number?
False
Let x(z) = -4*z**2 - 47*z - 68. Is x(-9) a composite number?
False
Let u be 7351 + -7*2/(-7). Let l = -4082 + u. Is l a composite number?
False
Suppose -4*v - 103 = -111. Is (v/(-8))/(3*(-4)/809808) a prime number?
True
Suppose 2*t + j - 27043 = 0, -4*t - 5*j + 19208 + 34869 = 0. Is t a prime number?
True
Suppose -277 = -5*q - 2. Suppose -13*b + q*b = 669354. Is b a composite number?
False
Is 9*(11/99 - (2 + 780416/(-36))) prime?
False
Suppose -118*j + 440984 + 112554 = 0. Is j a prime number?
True
Let z(b) = -b**2 + 8*b + 2. Let m be z(5). Suppose -17062 = -m*a + 5854. Suppose a = -12*x + 16*x. Is x a prime number?
True
Suppose 42 = -18*t + 474. Suppose 137895 = t*j - 87009. Is j prime?
True
Suppose q - 4 - 33 = -4*j, -q - 3 = 0. Suppose j*a - 6*a = 20. Suppose 3*t = t - 4*g + 38, -2*g - 35 = -a*t. Is t a prime number?
False
Let w(p) = -2784*p - 119. Let n(g) = 2782*g + 115. Let a(i) = 4*n(i) + 3*w(i). Is a(6) a composite number?
False
Let u be (-6)/(-5)*230/(-138). Let v(l) = -140*l**2 + 5*l + 12. Let b(j) = 140*j**2 - 5*j - 13. Let r(i) = -4*b(i) - 5*v(i). Is r(u) composite?
True
Let k = 74714 + 4865. Is k prime?
True
Let i(s) = -218*s**2 + 12*s - 18. Let u be i(7). Is (0 - -2)/(1 + 10608/u) prime?
False
Suppose 123962 + 224533 + 27140 = 13*r. Is r composite?
True
Let p be 12*(-36)/(-30) - 15/(-25). Suppose p*x - 46*x = -3751. Is x a composite number?
True
Is 54/(-90) + 5630794/65 a prime number?
True
Is -2 - -148897 - (-126)/(-9) prime?
False
Is (-12)/(-33) + 0 - (-9 + 8863380/(-66)) a composite number?
True
Let o = 13 + -9. Suppose 16626 = 2*i - o*k, -2*i + 33265 = 2*i + 5*k. Is i a prime number?
False
Suppose -9*v = -11*v - z + 6, v + 3*z - 3 = 0. Let j(u) = 5964*u - 49. Is j(v) composite?
True
Suppose 0 = -t + 5, 3*l = 4*t - 7*t + 30. Suppose -2*j + 3*q + 4871 = -1712, 5*j - 16470 = l*q. Is j a prime number?
True
Let m be (-2772)/(-216) + 2/12. Is (4 + 1843)/(m/65) prime?
False
Suppose 3*i + 270 = 312. Suppose 5*f + i*y = 10*y + 12611, -10096 = -4*f - 5*y. Is f a composite number?
True
Let x = 374 + -334. Is (-1)/(x/62180*1/(-2)) a composite number?
False
Let j = 263628 - 188201. Is j a prime number?
False
Is 38010 + 26/(18 + -16) composite?
True
Let i(j) = 55*j**3 - 7*j**2 + 2*j + 12. Let u be i(4). Let r = 5275 - u. Is r prime?
True
Let t(o) = -198*o + 199*o + 2 - 3. Let q(a) = 255*a**2 - 5*a + 4. Let p(i) = q(i) + 3*t(i). Is p(1) prime?
False
Suppose -9*m = -5*m + 2*r - 42204, -4*m + 4*r = -42192. Let o = -7332 + 543. Let z = o + m. Is z composite?
False
Suppose 29*b + 268249 = 6*b. Let f = b + 18640. Is f a prime number?
True
Let t be (-3 + -1)/((-793)/(-113) - 7). Let i = 49 + 388. Let b = i + t. Is b prime?
True
Let s = -225456 + 358203. Is s composite?
True
Suppose -249*p = -115*p - 96*p - 12355054. Is p prime?
True
Let l(g) be the third derivative of -7/24*g**4 + 1/6*g**3 + 0 - 10*g**2 + 17/15*g**5 + 0*g. Is l(-4) prime?
True
Suppose -125*f - 126*f + 99*f = -4037272. Is f a prime number?
True
Let f be ((-12)/4)/(2 - 3). Is (-2 - -3)*-1671*(-1)/f prime?
True
Let j(g) = g**3 - 11*g**2 + 6*g - 3. Let n be j(4). Let f = -87 - n. Is -2*(f + (-3795)/10) a prime number?
True
Let u be (-4)/8 + -2*(-23155)/(-20). Let y = u + 8155. Is y composite?
False
Let m = -130 + 135. Suppose 0 = g + m*y - 7349 - 2410, 2*g - 3*y = 19557. Suppose -8*a = 1686 - g. Is a a composite number?
True
Let l = -22 - -34. Let j be -3*(0 - 8/l). Suppose -j*h - 2*f - f + 1829 = 0, 0 = 5*f - 25. Is h a prime number?
True
Let r = 96068 - 54949. Is r prime?
False
Suppose -2*y + 335957 = -26*v + 23*v, -2*y - v = -335937. Is y composite?
False
Let s(n) = -9456*n + 209. Is s(-25) prime?
True
Suppose -93*u + 64142 + 162432 = 45410. Let j be (-4)/(-10) - (-46)/10. Suppose 5*b = 5*w + 2435, j*b - 2*w - u = b. Is b prime?
True
Suppose -3*k + 9 = -2*d - d, -3*k = d - 17. Suppose -k*b = 3*r - 81, -r - 3*b - 7 + 30 = 0. Let u = 74 + r. Is u a prime number?
False
Let p = 232566 - 68683. Is p composite?
False
Let d be 3*(-12)/(-90) + (-3204)/10. Is d/256 - (-19698)/8 a composite number?
True
Let m(h) = h**3 + 6*h**2 - 5*h + 14. 